 of 300 and 546450.
150
What is the greatest common divisor of 2465865 and 1110?
555
Calculate the greatest common divisor of 365118 and 744.
186
Calculate the highest common divisor of 2208 and 19596.
276
Calculate the greatest common divisor of 2 and 1121486.
2
What is the highest common factor of 521149 and 583?
53
What is the greatest common factor of 1338957 and 202?
101
What is the greatest common factor of 8424 and 459?
27
Calculate the highest common divisor of 159792 and 48.
48
What is the highest common divisor of 11034 and 3933?
9
Calculate the highest common divisor of 1210 and 230.
10
Calculate the greatest common factor of 679030 and 10.
10
What is the highest common factor of 55440 and 51128?
616
Calculate the greatest common divisor of 253177 and 62.
31
What is the greatest common factor of 58806 and 23814?
486
What is the highest common factor of 199480 and 120?
40
What is the highest common factor of 1898978 and 116?
58
Calculate the greatest common divisor of 180618 and 138.
6
Calculate the greatest common divisor of 50097 and 36.
3
Calculate the highest common factor of 1314 and 999.
9
Calculate the greatest common divisor of 1280424 and 124.
124
What is the highest common factor of 16030 and 3080?
70
Calculate the highest common divisor of 24138 and 2.
2
Calculate the highest common divisor of 97882 and 436.
218
Calculate the highest common divisor of 1130 and 20.
10
What is the highest common factor of 44 and 4244?
4
What is the greatest common factor of 102897 and 1887?
111
Calculate the greatest common factor of 240516 and 8262.
918
Calculate the greatest common factor of 112675 and 50.
25
Calculate the highest common divisor of 1584 and 86976.
144
Calculate the greatest common factor of 496 and 1072.
16
Calculate the greatest common factor of 32490 and 5320.
190
What is the greatest common divisor of 21771 and 2952?
369
Calculate the highest common divisor of 106602 and 86064.
978
Calculate the greatest common factor of 314288 and 26.
26
Calculate the greatest common divisor of 2485 and 210.
35
Calculate the highest common factor of 1130 and 60.
10
Calculate the greatest common divisor of 54 and 61857.
27
Calculate the greatest common factor of 171200 and 1552.
16
Calculate the highest common divisor of 4351633 and 22.
11
Calculate the highest common factor of 28046 and 10.
2
What is the highest common divisor of 2853350 and 1490?
1490
Calculate the highest common divisor of 9728 and 7200.
32
Calculate the greatest common factor of 1649 and 8633.
97
What is the greatest common factor of 130 and 3675685?
65
Calculate the highest common divisor of 1392 and 464493.
87
What is the highest common divisor of 408 and 27792?
24
Calculate the highest common divisor of 376 and 89770.
94
What is the highest common divisor of 96235 and 3040?
95
What is the greatest common divisor of 1688823 and 54?
27
Calculate the greatest common factor of 54407 and 246.
41
Calculate the highest common factor of 460 and 340.
20
What is the highest common factor of 3367 and 136234?
259
Calculate the greatest common divisor of 6949153 and 382.
191
What is the greatest common divisor of 497 and 34364?
71
Calculate the greatest common divisor of 203757 and 69.
69
Calculate the highest common divisor of 6999015 and 15.
15
Calculate the greatest common divisor of 1132 and 4868.
4
Calculate the greatest common divisor of 625 and 1250625.
625
What is the greatest common divisor of 283897 and 73?
73
What is the highest common divisor of 1005 and 108607?
67
Calculate the greatest common factor of 43575 and 645.
15
Calculate the greatest common factor of 322 and 1541.
23
What is the greatest common divisor of 64 and 10628?
4
Calculate the highest common divisor of 2242460 and 30.
10
What is the greatest common factor of 168 and 59304?
168
What is the greatest common factor of 14934 and 456?
114
Calculate the highest common divisor of 9165 and 140205.
195
What is the greatest common factor of 2288 and 108784?
208
Calculate the greatest common factor of 3186 and 944.
118
What is the greatest common divisor of 133444 and 2336?
292
What is the highest common divisor of 1962 and 2412170?
218
What is the highest common factor of 193614 and 414?
138
Calculate the highest common divisor of 68656 and 112.
112
Calculate the highest common factor of 18 and 91746.
18
What is the highest common factor of 5180 and 4340?
140
What is the greatest common factor of 168 and 597024?
24
What is the greatest common divisor of 198 and 828531?
99
What is the highest common factor of 4239 and 135?
27
What is the highest common factor of 17212 and 364?
52
What is the greatest common divisor of 174 and 957?
87
Calculate the greatest common divisor of 2115570 and 1164.
582
What is the highest common divisor of 167642 and 218?
218
Calculate the greatest common factor of 20494 and 2.
2
Calculate the highest common factor of 166148 and 438.
146
What is the greatest common factor of 338 and 11570?
26
Calculate the highest common factor of 23700 and 69204.
948
Calculate the greatest common divisor of 3634 and 276.
46
What is the greatest common divisor of 301 and 111685?
7
Calculate the greatest common factor of 752 and 400628.
188
Calculate the highest common divisor of 43462 and 3317.
31
What is the highest common divisor of 430629 and 207?
69
What is the greatest common factor of 73 and 46939?
73
Calculate the greatest common factor of 3211 and 2704.
169
Calculate the highest common divisor of 2158560 and 1800.
360
What is the greatest common divisor of 1708 and 25132?
244
Calculate the highest common factor of 3030 and 102414.
606
Calculate the highest common divisor of 408 and 3792.
24
What is the greatest common factor of 344 and 1112?
8
Calculate the highest common factor of 2599006 and 2572.
1286
What is the greatest common factor of 1480 and 169645?
185
Calculate the highest common factor of 2343 and 87.
3
What is the highest common factor of 36 and 299619?
9
What is the highest common divisor of 596970 and 33?
33
Calculate the highest common factor of 15 and 687393.
3
What is the highest common divisor of 825602 and 282?
94
Calculate the highest common factor of 2715636 and 1848.
924
What is the highest common divisor of 3436056 and 216?
72
What is the greatest common divisor of 15 and 438?
3
Calculate the highest common divisor of 2784 and 475716.
348
What is the highest common factor of 2168 and 104?
8
What is the highest common factor of 36388 and 44?
44
Calculate the greatest common divisor of 471159 and 234.
117
Calculate the highest common divisor of 26532 and 4.
4
What is the highest common factor of 11 and 2333496?
11
Calculate the greatest common factor of 1800 and 433260.
180
What is the greatest common divisor of 44 and 749298?
22
What is the highest common divisor of 33140 and 80?
20
What is the greatest common factor of 1472 and 43?
1
What is the highest common factor of 13 and 439751?
13
Calculate the greatest common divisor of 18560 and 147610.
290
Calculate the highest common factor of 570 and 68058.
114
What is the greatest common divisor of 1617 and 10461?
33
Calculate the highest common divisor of 90 and 50634.
18
Calculate the highest common factor of 518 and 33226.
74
Calculate the highest common divisor of 2416 and 85919.
151
Calculate the highest common divisor of 306 and 16920.
18
What is the greatest common divisor of 432 and 337959?
27
What is the highest common divisor of 5452 and 4700?
188
Calculate the highest common divisor of 212367 and 87.
87
What is the greatest common factor of 3053 and 2021?
43
Calculate the highest common factor of 1065 and 24855.
15
What is the highest common factor of 578 and 351407?
17
What is the highest common factor of 2150 and 516?
86
What is the highest common divisor of 4900 and 595?
35
Calculate the highest common divisor of 13 and 1092143.
13
What is the highest common divisor of 69 and 197294?
23
Calculate the highest common divisor of 832 and 2491528.
104
Calculate the highest common factor of 730240 and 35.
35
Calculate the greatest common divisor of 4 and 583876.
4
What is the greatest common factor of 72793 and 217?
7
What is the greatest common factor of 3000 and 2550?
150
Calculate the greatest common fac